) = -7*o**3 - 15*o**2 - 5*o - 12. Let w(m) = -3*m**3 - 7*m**2 - 3*m - 6. Let i(q) = -2*p(q) + 5*w(q). Determine i(j).
-2
Suppose z + 11 = -3*g, z + z + 4*g + 12 = 0. Let h(b) = 2*b - 4. Calculate h(z).
4
Let s(h) = 7*h. Let i = 0 + 2. Suppose -6 = -i*f - 8. Calculate s(f).
-7
Let l(y) = -y. Let u(r) = 6*r**2 - 6*r. Let p(q) = q**2 - 1. Let d(x) = -5*p(x) + u(x). Let b be d(6). What is l(b)?
-5
Let o be ((-1)/3)/((-5)/30). Let f(p) = -4 - 2*p + 7 - o + 0. Give f(4).
-7
Suppose -u + 2 = 3*r, 3*u = -4*r - 4 + 5. Let v(i) = 5*i**3 + i**2. Calculate v(u).
-4
Let b = -7 - -13. Suppose -b = 2*w - 14. Let z(g) = -g**3 + 5*g**2 - 3*g + 1. Calculate z(w).
5
Let l be ((-7)/(-14))/(1/10). Suppose -3*i + 2*i = 4, l*i + 19 = r. Let h be (1*-2 - -2)/r. Let o(m) = -m + 3. Determine o(h).
3
Let m = 33 - 30. Let g(j) be the second derivative of 0 + j - 1/6*j**m - j**2. Give g(5).
-7
Let j(i) = -i**2 - 6*i - 5. Suppose -112 - 16 = -4*k. Suppose w - 5 = 2*q + 6, -5*q - k = 2*w. What is j(q)?
-5
Let d(w) = -5*w + 40. Let c be d(7). Let i(s) = -s**2 + 3*s - 1. Calculate i(c).
-11
Suppose t - 6 = 2*n, 2*t + 4*n + 9 = n. Let q(z) = z**3 - z - 8. What is q(t)?
-8
Let h(f) = f**3 + 7*f**2 + 4*f - 8. Let i be h(-6). Suppose 3*c - i*c = 0. Let s(t) be the third derivative of t**5/60 - 7*t**3/6 + 2*t**2. Give s(c).
-7
Let y(a) be the third derivative of -3*a**2 + 0*a**3 + 0*a + 1/24*a**4 + 0 - 1/5*a**5. Calculate y(1).
-11
Suppose -b + 4*n = -3*b - 12, 3*n = 4*b - 20. Let s(y) = y + 1 - 10*y**b - y + y - 2*y. Give s(1).
-10
Let a(o) = 7*o**2 - 4*o - 1. Suppose -1 = 3*i - 4. Suppose 5*p - 6 - 22 = 2*k, -5*k + p = 24. Let n(v) = -v. Let w(c) = i*a(c) + k*n(c). Calculate w(1).
6
Let z(h) = -h - 6 - 2*h + 5. What is z(-4)?
11
Let c(h) = 11*h**3 - h**2 - h. Suppose 0 = 2*g - 4, -5*x = g - 33 - 44. Let n = 14 - x. Calculate c(n).
-11
Let r(l) = -4*l - 1 - l + 4*l. Give r(3).
-4
Let i(o) be the third derivative of o**7/2520 + o**5/120 + o**4/6 - o**2. Let t(x) be the second derivative of i(x). What is t(-2)?
5
Let m(a) = -a**2 + 6*a - 5. Let d(q) = -5*q**2 + 30*q - 24. Let o(h) = -2*d(h) + 11*m(h). Calculate o(5).
-2
Let z be 4/(-6)*3/(-2). Let c(k) = 0 + 1 - 2 - 2*k - 2*k. What is c(z)?
-5
Let d(s) = -s**3 + 2*s**2 + 2*s + 2. Suppose -k + 1 = -3*r + 5, 0 = -5*k + 4*r + 2. Suppose k*x = -3*x + 10, 4*h - 16 = -2*x. What is d(h)?
-1
Let q(g) be the third derivative of -g**6/120 + g**5/10 - 5*g**4/24 - g**3/2 - g**2. Let n(d) = -d**2 + 13*d - 7. Let l be n(12). Calculate q(l).
-3
Let s(b) = -b + 1. Let h(t) = 7*t - 2. Let j be (-2 + -1 - -1)*2. Let f(v) = j*s(v) - h(v). What is f(4)?
-14
Let j(w) = w + 3. Suppose 0 = -a - 0*a + 7. Let o = a + -4. Determine j(o).
6
Suppose -2*u = -5*u. Suppose 20 = 4*v - u*v. Let f(d) = -d**2 + 5*d + 4. Calculate f(v).
4
Suppose 11*p + 4 = -7. Let w(g) = -8*g. Determine w(p).
8
Suppose 0 = a - 3*a - y - 11, -2*y = -3*a + 1. Let h(l) = l**3 + 4*l**2 - l - 4. Determine h(a).
8
Suppose 0 = x + 4*x - 5. Let i(v) = 5*v**2 - 1. Let s(o) = 11*o**2 - 2. Let b(t) = -11*i(t) + 6*s(t). What is b(x)?
10
Let k(c) = -c - 1. Suppose 5*d - 2 = 13. Let i(g) be the first derivative of g**3/3 - 3*g**2 + 4*g + 1. Let z be i(d). Give k(z).
4
Let a = -19 + 10. Let d(h) = -h**2 + 2. Let f(j) be the second derivative of -j**4/6 + 3*j**2/2 - j. Let v(w) = a*d(w) + 4*f(w). Determine v(0).
-6
Let m(c) = c - 2. Suppose o = -3*o + 8. Let n(v) = 4*v - 9. Let t(s) = o*n(s) - 9*m(s). Calculate t(-1).
1
Let j(x) = -4 + 80*x + 5 - 1 - 73*x. Let y = -2 + 4. Calculate j(y).
14
Let q(v) = v**2 + 2*v - 3. Let n = -101 + 104. What is q(n)?
12
Suppose 30 = -v - 4*v. Let g(y) = -4 - 2 + 6*y - 2 + y**2 - y. Determine g(v).
-2
Let p(b) = 46 - 94 + 48 - 3*b. Determine p(2).
-6
Let i(u) be the second derivative of -u**5/120 - u**4/6 - 3*u**3/2 + 8*u. Let q(h) be the second derivative of i(h). Calculate q(-7).
3
Let j(r) = -10*r. Suppose 0 = -5*k + 2*k - 15. Let h = -4 - k. Give j(h).
-10
Let h(u) = 32 - 26 + 6*u**2 + 5*u - u**2 + u**3. Calculate h(-4).
2
Let j(t) = 2*t - 1. Let f(d) = 3*d - 1. Let k(c) = 5*f(c) - 7*j(c). Calculate k(0).
2
Let r(i) = -i + 4. Let d be 48/(-18)*(-18)/8. Let o be (-3)/d - 2/(-4). Let t be r(o). Let h(b) = -b + 5. Determine h(t).
1
Let v(k) be the second derivative of k**5/20 - 7*k**4/12 + k**3 + k**2/2 + 7*k. What is v(6)?
1
Let y(j) be the first derivative of j**3/3 + 3*j**2 - 3*j + 13. Determine y(-5).
-8
Let b(a) = 3*a - 3. Let i(d) = 10*d - 10. Let f be -5*5/((-100)/8). Let z(c) = f*i(c) - 7*b(c). Calculate z(-2).
3
Let o(z) = -3*z - 7. Let g(c) = 7*c + 15. Let l(u) = -4*g(u) - 9*o(u). Determine l(6).
-3
Let t(i) = -i**3 - 6*i**2 - 5*i - 6. Let a(b) = -4*b**2 + 26*b + 9. Let v be a(7). Give t(v).
-6
Let l be -2*1 - (8 - 7). Let z(h) = -h**3 - 4*h**2 + 4. What is z(l)?
-5
Suppose 0*i + 11 = -3*v - 4*i, -2*i - 23 = 5*v. Let l(z) = -z - 5. What is l(v)?
0
Let w be (-14)/8 - (-3)/(-12). Let c(p) = -p + 5 - 5. Let d be c(w). Let l(o) = -o**3 + 2*o**2 + o - 2. Determine l(d).
0
Let f(o) be the third derivative of o**7/840 - o**6/72 + o**5/120 + o**3/2 - 3*o**2. Let p(h) be the first derivative of f(h). Calculate p(5).
5
Let k(v) = v**3 + 4*v**2 - 3*v + 7. Suppose -2*d + 2*q = 6, -27 = -0*d + 5*d + q. Determine k(d).
-3
Let c(l) be the second derivative of -l**5/20 + 5*l**4/12 - l**3/6 + l**2 - 13*l. Calculate c(4).
14
Suppose 0 = 5*j - 0*x + 5*x - 40, -4*j + x + 17 = 0. Suppose 2*r - 3 = r + 4*c, -15 = -j*r - 4*c. Let i(l) = r + 2 - 2*l - l + 2*l. Give i(5).
0
Let s(u) = u**3 + 2*u**2 - u. Let k(g) = 2*g**3 - 12*g**2 - g**3 - 2*g**3 - 15 - g. Let j be k(-12). Give s(j).
-6
Let t(h) be the third derivative of h**5/60 - 7*h**4/24 + h**3/6 - 4*h**2. Let q be t(5). Let a be ((-18)/8)/(q/(-24)). Let b(v) = -v - 5. Give b(a).
1
Let d be (2/(-6))/((-6)/(-18)). Let p(x) = 9*x**3 + x**2. What is p(d)?
-8
Let q(z) = z + 1. Let s be q(6). Let g(h) = h**2 - 8*h + 9. What is g(s)?
2
Suppose -5*v - 3 = -2*l, 3*l + 3*v - 6*v = 9. Let m(z) be the second derivative of -z**5/20 + z**4/3 - 2*z**2 + 28*z. Calculate m(l).
-4
Let c(j) = -j**2 - 8*j + 18. Let r be c(-10). Let s(t) = 9*t + 2. Give s(r).
-16
Let d(t) = t**2 + t + 10. Let n be d(0). Let m = n + -10. Let q(a) = -a - 2. Determine q(m).
-2
Let a(o) = 6*o**3 - o**2 + o. Let l be a(1). Let f(k) = -4*k - 21. Let i(j) = 3*j + 14. Let d(y) = -5*f(y) - 7*i(y). Determine d(l).
1
Let y(j) = 2 + 8*j + 3 - 6*j. Determine y(-5).
-5
Let f(r) = -r + 12. Let c be f(7). Let u(p) = p**3 - 5*p**2 + 3*p - 5. Calculate u(c).
10
Let p = -12 - 0. Let c = -16 - p. Let o(t) = t**3 + 3*t**2 - 5*t + 2. Determine o(c).
6
Let i(x) = 4*x**2 - x + 1. Let k(t) = 7*t**2 - 2*t + 3. Let l(o) = 5*i(o) - 3*k(o). Give l(0).
-4
Let x(q) = -q**2 + 3*q. Suppose 5*j - 2*g - 75 = -4, 2*j - 5*g - 20 = 0. Suppose 0 = 4*b - j + 3. Determine x(b).
0
Let d(w) be the first derivative of -1/3*w**3 - 5/2*w**2 - 3*w + 1. Let g(v) = -v**2 + v + 1. Let j be g(-2). Determine d(j).
-3
Let a(g) = -g**3 - 12*g**2 - 12*g - 4. Let w(k) = -k**3 - k**2 - k - 11. Let s be w(0). Give a(s).
7
Let b(p) = 13*p - 44. Suppose 2*q - w = 23, 18 = q - 4*w - 11. Let z(x) = -3*x + 11. Let o(y) = q*z(y) + 2*b(y). What is o(0)?
11
Let s(g) = 4*g**3 + g**2 + g - 1. Let f be s(1). Let h(z) = 0 + 4 - 3*z + 2*z - z. Determine h(f).
-6
Let v = -7 - -2. Let w(d) be the second derivative of -d**6/360 - 7*d**5/120 - d**4/6 + d**3/3 - 3*d. Let m(f) be the second derivative of w(f). Give m(v).
6
Let p be (18/(-36))/(2/(-16)). Let g(b) = -3*b + 5. Give g(p).
-7
Let q(u) be the third derivative of u**4/12 - u**3/6 + 54*u**2. What is q(-1)?
-3
Let g(u) be the third derivative of -3*u**6/40 - u**5/60 + u**4/12 - u**3/6 - u**2. Let j(c) = c**2 - 35*c + 35. Let m be j(34). Determine g(m).
-9
Let f(j) = -3 - 3*j + 2*j - 12*j**2 + 20*j**2 + j**3 + 1. Let g be f(-8). Let p(o) = o**2 - 7*o + 0 + 1 + 2*o. What is p(g)?
7
Suppose 5 = 7*g - 16. Let s(n) be the second derivative of 0 - g*n - 11/12*n**4 + 1/6*n**3 - 1/2*n**2. Give s(1).
-11
Let x = -9 - -16. Let h(y) = y**2 - 8*y + 3. Determine h(x).
-4
Let g = -5 - -6. Let o be (g/(-1))/(2/(-10)). Let b(n) = -n - n - 1 + o. Calculate b(3).
-2
Suppose 3*b - 6 = 3*i, 3*b - i = -2*i + 2. Let c(y) = -y**2 - 7*y - 5. Let r(s) = s + 1. Let k(h) = c(h) + 6*r(h). What is k(b)?